{"id":2030,"date":"2025-02-18T17:23:07","date_gmt":"2025-02-18T16:23:07","guid":{"rendered":"https:\/\/paumier-surzur.notaires.fr\/?page_id=2030"},"modified":"2026-04-23T11:42:50","modified_gmt":"2026-04-23T09:42:50","slug":"notaire-surzur-mariage-succession-vente-acquisition-transmission","status":"publish","type":"page","link":"https:\/\/paumier-surzur.notaires.fr\/index.php\/notaire-surzur-mariage-succession-vente-acquisition-transmission\/","title":{"rendered":"Notre \u00e9quipe"},"content":{"rendered":"\t\t<div data-elementor-type=\"wp-page\" data-elementor-id=\"2030\" class=\"elementor elementor-2030\" data-elementor-post-type=\"page\">\n\t\t\t\t<div class=\"elementor-element elementor-element-1e3f5595 e-con-full e-flex e-con e-parent\" data-id=\"1e3f5595\" data-element_type=\"container\" data-settings=\"{&quot;background_background&quot;:&quot;classic&quot;}\">\n\t\t<div class=\"elementor-element elementor-element-43c342fc e-flex e-con-boxed e-con e-child\" data-id=\"43c342fc\" data-element_type=\"container\">\n\t\t\t\t\t<div class=\"e-con-inner\">\n\t\t\t\t<div class=\"elementor-element elementor-element-1b70d03a elementor-widget elementor-widget-heading\" data-id=\"1b70d03a\" data-element_type=\"widget\" data-widget_type=\"heading.default\">\n\t\t\t\t\t<h2 class=\"elementor-heading-title elementor-size-default\">notre \u00e9quipe<\/h2>\t\t\t\t<\/div>\n\t\t\t\t<div class=\"elementor-element elementor-element-c7a8536 elementor-widget elementor-widget-text-editor\" data-id=\"c7a8536\" data-element_type=\"widget\" data-widget_type=\"text-editor.default\">\n\t\t\t\t\t\t\t\t\t<p>Nous avons \u00e0 coeur de vous offrir des conseils personnalis\u00e9s et un accompagnement empreint d&rsquo;humanit\u00e9, de bienveillance et d&rsquo;efficacit\u00e9, \u00e0 chaque \u00e9tape de votre vie personnelle et professionnelle.<\/p>\t\t\t\t\t\t\t\t<\/div>\n\t\t\t\t\t<\/div>\n\t\t\t\t<\/div>\n\t\t\t\t<\/div>\n\t\t<div class=\"elementor-element elementor-element-a99b085 e-grid e-con-boxed e-con e-parent\" data-id=\"a99b085\" data-element_type=\"container\">\n\t\t\t\t\t<div class=\"e-con-inner\">\n\t\t\t\t<div class=\"elementor-element elementor-element-507bf2a elementor-widget-mobile__width-initial elementor-invisible elementor-widget elementor-widget-image\" data-id=\"507bf2a\" data-element_type=\"widget\" data-settings=\"{&quot;_animation&quot;:&quot;fadeInUp&quot;}\" data-widget_type=\"image.default\">\n\t\t\t\t\t\t\t\t\t\t\t\t\t\t\t<img decoding=\"async\" src=\"https:\/\/paumier-surzur.notaires.fr\/wp-content\/uploads\/elementor\/thumbs\/Julie-cadre-r2981wsn2sv5lzo1gihmdzf600bj5jvl3gtnhr773s.png\" title=\"Julie PAUMIER\" alt=\"Julie Paumier\" loading=\"lazy\" \/>\t\t\t\t\t\t\t\t\t\t\t\t\t\t\t<\/div>\n\t\t\t\t<div class=\"elementor-element elementor-element-90ef9ee elementor-widget elementor-widget-text-editor\" data-id=\"90ef9ee\" data-element_type=\"widget\" data-widget_type=\"text-editor.default\">\n\t\t\t\t\t\t\t\t\t<p>\u00a0<\/p><p><strong>\u00a0<\/strong><strong>Julie Paumier<\/strong><br \/>Notaire<\/p>\t\t\t\t\t\t\t\t<\/div>\n\t\t\t\t<div class=\"elementor-element elementor-element-84ee3bd elementor-widget-mobile__width-initial elementor-invisible elementor-widget elementor-widget-image\" data-id=\"84ee3bd\" data-element_type=\"widget\" data-settings=\"{&quot;_animation&quot;:&quot;fadeInUp&quot;}\" data-widget_type=\"image.default\">\n\t\t\t\t\t\t\t\t\t\t\t\t\t\t\t<img decoding=\"async\" src=\"https:\/\/paumier-surzur.notaires.fr\/wp-content\/uploads\/elementor\/thumbs\/11aa2a621d5681cc993e7b478c1114b7225319c3-qyggzj20pz1l94ixzsjwsdh8jq3mjibzmq94mlz3kg.png\" title=\"Logo notaires Julie Paumier\" alt=\"Logo notaires Julie Paumier\" loading=\"lazy\" \/>\t\t\t\t\t\t\t\t\t\t\t\t\t\t\t<\/div>\n\t\t\t\t<div class=\"elementor-element elementor-element-a8b56b9 elementor-widget elementor-widget-text-editor\" data-id=\"a8b56b9\" data-element_type=\"widget\" data-widget_type=\"text-editor.default\">\n\t\t\t\t\t\t\t\t\t<p>\u00a0<\/p><p><b>Eda SAHIN<\/b><span class=\"Apple-converted-space\">\u00a0<\/span><\/p><p>Notaire assistant<\/p><p><a href=\"mailto:celine.betrom.56105@notaires.fr\">eda.sahin.56105@notaires.fr<\/a><span class=\"Apple-converted-space\">\u00a0<\/span><\/p><p>02 57 67 15 48<\/p>\t\t\t\t\t\t\t\t<\/div>\n\t\t\t\t<div class=\"elementor-element elementor-element-02fbe05 elementor-widget-mobile__width-initial elementor-invisible elementor-widget elementor-widget-image\" data-id=\"02fbe05\" data-element_type=\"widget\" data-settings=\"{&quot;_animation&quot;:&quot;fadeInUp&quot;}\" data-widget_type=\"image.default\">\n\t\t\t\t\t\t\t\t\t\t\t\t\t\t\t<img decoding=\"async\" src=\"https:\/\/paumier-surzur.notaires.fr\/wp-content\/uploads\/elementor\/thumbs\/11aa2a621d5681cc993e7b478c1114b7225319c3-qyggzj20pz1l94ixzsjwsdh8jq3mjibzmq94mlz3kg.png\" title=\"Logo notaires Julie Paumier\" alt=\"Logo notaires Julie Paumier\" loading=\"lazy\" \/>\t\t\t\t\t\t\t\t\t\t\t\t\t\t\t<\/div>\n\t\t\t\t<div class=\"elementor-element elementor-element-b49954d elementor-widget elementor-widget-text-editor\" data-id=\"b49954d\" data-element_type=\"widget\" data-widget_type=\"text-editor.default\">\n\t\t\t\t\t\t\t\t\t<p><b>Estelle BOURBOUACH <\/b><\/p><p>Clerc de notaire<\/p><p><a href=\"mailto:estelle.bourbouach.56105@notaires.fr\">estelle.bourbouach.56105@notaires.fr<\/a><\/p><p>02 97 63 31 19<\/p>\t\t\t\t\t\t\t\t<\/div>\n\t\t\t\t<div class=\"elementor-element elementor-element-7328e85 elementor-widget-mobile__width-initial elementor-invisible elementor-widget elementor-widget-image\" data-id=\"7328e85\" data-element_type=\"widget\" data-settings=\"{&quot;_animation&quot;:&quot;fadeInUp&quot;}\" data-widget_type=\"image.default\">\n\t\t\t\t\t\t\t\t\t\t\t\t\t\t\t<img decoding=\"async\" src=\"https:\/\/paumier-surzur.notaires.fr\/wp-content\/uploads\/elementor\/thumbs\/11aa2a621d5681cc993e7b478c1114b7225319c3-qyggzj20pz1l94ixzsjwsdh8jq3mjibzmq94mlz3kg.png\" title=\"Logo notaires Julie Paumier\" alt=\"Logo notaires Julie Paumier\" loading=\"lazy\" \/>\t\t\t\t\t\t\t\t\t\t\t\t\t\t\t<\/div>\n\t\t\t\t<div class=\"elementor-element elementor-element-d03bd16 elementor-widget elementor-widget-text-editor\" data-id=\"d03bd16\" data-element_type=\"widget\" data-widget_type=\"text-editor.default\">\n\t\t\t\t\t\t\t\t\t<p><b>Roxane MICHEL<\/b><\/p><p>Clerc de notaire<\/p><p><a href=\"mailto:roxane.michel.56105@notaires.fr\">roxane.michel.56105@notaires.fr<\/a><\/p><p>02 57 67 15 49<\/p>\t\t\t\t\t\t\t\t<\/div>\n\t\t\t\t<div class=\"elementor-element elementor-element-57d8317 elementor-widget-mobile__width-initial elementor-invisible elementor-widget elementor-widget-image\" data-id=\"57d8317\" data-element_type=\"widget\" data-settings=\"{&quot;_animation&quot;:&quot;fadeInUp&quot;}\" data-widget_type=\"image.default\">\n\t\t\t\t\t\t\t\t\t\t\t\t\t\t\t<img decoding=\"async\" src=\"https:\/\/paumier-surzur.notaires.fr\/wp-content\/uploads\/elementor\/thumbs\/11aa2a621d5681cc993e7b478c1114b7225319c3-qyggzj20pz1l94ixzsjwsdh8jq3mjibzmq94mlz3kg.png\" title=\"Logo notaires Julie Paumier\" alt=\"Logo notaires Julie Paumier\" loading=\"lazy\" \/>\t\t\t\t\t\t\t\t\t\t\t\t\t\t\t<\/div>\n\t\t\t\t<div class=\"elementor-element elementor-element-95ddaff elementor-widget elementor-widget-text-editor\" data-id=\"95ddaff\" data-element_type=\"widget\" data-widget_type=\"text-editor.default\">\n\t\t\t\t\t\t\t\t\t<p><b>Nathalie RAULO\u00a0<\/b><\/p><p>Comptable \u2013 Formaliste<\/p><p><a href=\"mailto:comptabilite.56105@notaires.fr\">comptabilite.56105@notaires.fr<\/a><\/p><p>07 88 08 86 21<\/p>\t\t\t\t\t\t\t\t<\/div>\n\t\t\t\t<div class=\"elementor-element elementor-element-d8e0d8e elementor-widget-mobile__width-initial elementor-invisible elementor-widget elementor-widget-image\" data-id=\"d8e0d8e\" data-element_type=\"widget\" data-settings=\"{&quot;_animation&quot;:&quot;fadeInUp&quot;}\" data-widget_type=\"image.default\">\n\t\t\t\t\t\t\t\t\t\t\t\t\t\t\t<img decoding=\"async\" src=\"https:\/\/paumier-surzur.notaires.fr\/wp-content\/uploads\/elementor\/thumbs\/11aa2a621d5681cc993e7b478c1114b7225319c3-qyggzj20pz1l94ixzsjwsdh8jq3mjibzmq94mlz3kg.png\" title=\"Logo notaires Julie Paumier\" alt=\"Logo notaires Julie Paumier\" loading=\"lazy\" \/>\t\t\t\t\t\t\t\t\t\t\t\t\t\t\t<\/div>\n\t\t\t\t<div class=\"elementor-element elementor-element-a0e85c9 elementor-widget elementor-widget-text-editor\" data-id=\"a0e85c9\" data-element_type=\"widget\" data-widget_type=\"text-editor.default\">\n\t\t\t\t\t\t\t\t\t<p><strong>Adrien JUBIN\u00a0<\/strong><\/p><p>Assistant immobilier<\/p><p><a href=\"mailto:adrien.jubin.56105@notaires.fr\">adrien.jubin.56105@notaires.fr<\/a>\u00a0<\/p><p>02 57 67 15 47<\/p>\t\t\t\t\t\t\t\t<\/div>\n\t\t\t\t<div class=\"elementor-element elementor-element-e9aeec7 elementor-widget-mobile__width-initial elementor-invisible elementor-widget elementor-widget-image\" data-id=\"e9aeec7\" data-element_type=\"widget\" data-settings=\"{&quot;_animation&quot;:&quot;fadeInUp&quot;}\" data-widget_type=\"image.default\">\n\t\t\t\t\t\t\t\t\t\t\t\t\t\t\t<img decoding=\"async\" src=\"https:\/\/paumier-surzur.notaires.fr\/wp-content\/uploads\/elementor\/thumbs\/11aa2a621d5681cc993e7b478c1114b7225319c3-qyggzj20pz1l94ixzsjwsdh8jq3mjibzmq94mlz3kg.png\" title=\"Logo notaires Julie Paumier\" alt=\"Logo notaires Julie Paumier\" loading=\"lazy\" \/>\t\t\t\t\t\t\t\t\t\t\t\t\t\t\t<\/div>\n\t\t\t\t<div class=\"elementor-element elementor-element-7cd52da elementor-widget elementor-widget-text-editor\" data-id=\"7cd52da\" data-element_type=\"widget\" data-widget_type=\"text-editor.default\">\n\t\t\t\t\t\t\t\t\t<p><strong>Yvonnick DANY<\/strong><\/p><p>Accueil<\/p><p><a href=\"mailto:office-paumier.56105@notaires.fr\">office-paumier.56105@notaires.fr<\/a>\u00a0<\/p><p>02 97 63 31 19<\/p>\t\t\t\t\t\t\t\t<\/div>\n\t\t\t\t\t<\/div>\n\t\t\t\t<\/div>\n\t\t\t\t<\/div>\n\t\t","protected":false},"excerpt":{"rendered":"<p>notre \u00e9quipe Nous avons \u00e0 coeur de vous offrir des conseils personnalis\u00e9s et un accompagnement empreint d&rsquo;humanit\u00e9, de bienveillance et d&rsquo;efficacit\u00e9, \u00e0 chaque \u00e9tape de votre vie personnelle et professionnelle. \u00a0 \u00a0Julie PaumierNotaire \u00a0 Eda SAHIN\u00a0 Notaire assistant eda.sahin.56105@notaires.fr\u00a0 02 57 67 15 48 Estelle BOURBOUACH Clerc de notaire estelle.bourbouach.56105@notaires.fr 02 97 63 31 19 [&hellip;]<\/p>\n","protected":false},"author":1,"featured_media":0,"parent":0,"menu_order":0,"comment_status":"closed","ping_status":"closed","template":"","meta":{"footnotes":""},"class_list":["post-2030","page","type-page","status-publish","hentry"],"yoast_head":"<!-- This site is optimized with the Yoast SEO plugin v26.4 - https:\/\/yoast.com\/wordpress\/plugins\/seo\/ -->\n<title>Notre \u00e9quipe - paumier-surzur.notaires.fr<\/title>\n<meta name=\"description\" content=\"Des conseils personnalis\u00e9s et un accompagnement empreint d\u2019humanit\u00e9, de bienveillance et d\u2019efficacit\u00e9, \u00e0 chaque \u00e9tape de votre vie personnelle et professionnelle : mariage, acquisition de r\u00e9sidence principale, de locaux professionnels ou d\u2019un fonds de commerce, cr\u00e9ation de soci\u00e9t\u00e9, gestion d\u2019une succession ou r\u00e9daction de testament, organisation et l\u2019optimisation de patrimoine, s\u00e9paration, divorce ou pr\u00e9paration de transmission patrimoniale.\" \/>\n<meta name=\"robots\" content=\"index, follow, max-snippet:-1, max-image-preview:large, max-video-preview:-1\" \/>\n<link rel=\"canonical\" href=\"https:\/\/paumier-surzur.notaires.fr\/index.php\/notaire-surzur-mariage-succession-vente-acquisition-transmission\/\" \/>\n<meta property=\"og:locale\" content=\"fr_FR\" \/>\n<meta property=\"og:type\" content=\"article\" \/>\n<meta property=\"og:title\" content=\"Notre \u00e9quipe - paumier-surzur.notaires.fr\" \/>\n<meta property=\"og:description\" content=\"Des conseils personnalis\u00e9s et un accompagnement empreint d\u2019humanit\u00e9, de bienveillance et d\u2019efficacit\u00e9, \u00e0 chaque \u00e9tape de votre vie personnelle et professionnelle : mariage, acquisition de r\u00e9sidence principale, de locaux professionnels ou d\u2019un fonds de commerce, cr\u00e9ation de soci\u00e9t\u00e9, gestion d\u2019une succession ou r\u00e9daction de testament, organisation et l\u2019optimisation de patrimoine, s\u00e9paration, divorce ou pr\u00e9paration de transmission patrimoniale.\" \/>\n<meta property=\"og:url\" content=\"https:\/\/paumier-surzur.notaires.fr\/index.php\/notaire-surzur-mariage-succession-vente-acquisition-transmission\/\" \/>\n<meta property=\"og:site_name\" content=\"paumier-surzur.notaires.fr\" \/>\n<meta property=\"article:modified_time\" content=\"2026-04-23T09:42:50+00:00\" \/>\n<meta property=\"og:image\" content=\"https:\/\/paumier-surzur.notaires.fr\/wp-content\/uploads\/elementor\/thumbs\/Julie-cadre-r2981wsn2sv5lzo1gihmdzf600bj5jvl3gtnhr773s.png\" \/>\n<meta name=\"twitter:card\" content=\"summary_large_image\" \/>\n<meta name=\"twitter:label1\" content=\"Dur\u00e9e de lecture estim\u00e9e\" \/>\n\t<meta name=\"twitter:data1\" content=\"1 minute\" \/>\n<script type=\"application\/ld+json\" class=\"yoast-schema-graph\">{\"@context\":\"https:\/\/schema.org\",\"@graph\":[{\"@type\":\"WebPage\",\"@id\":\"https:\/\/paumier-surzur.notaires.fr\/index.php\/notaire-surzur-mariage-succession-vente-acquisition-transmission\/\",\"url\":\"https:\/\/paumier-surzur.notaires.fr\/index.php\/notaire-surzur-mariage-succession-vente-acquisition-transmission\/\",\"name\":\"Notre \u00e9quipe - paumier-surzur.notaires.fr\",\"isPartOf\":{\"@id\":\"https:\/\/paumier-surzur.notaires.fr\/#website\"},\"primaryImageOfPage\":{\"@id\":\"https:\/\/paumier-surzur.notaires.fr\/index.php\/notaire-surzur-mariage-succession-vente-acquisition-transmission\/#primaryimage\"},\"image\":{\"@id\":\"https:\/\/paumier-surzur.notaires.fr\/index.php\/notaire-surzur-mariage-succession-vente-acquisition-transmission\/#primaryimage\"},\"thumbnailUrl\":\"https:\/\/paumier-surzur.notaires.fr\/wp-content\/uploads\/elementor\/thumbs\/Julie-cadre-r2981wsn2sv5lzo1gihmdzf600bj5jvl3gtnhr773s.png\",\"datePublished\":\"2025-02-18T16:23:07+00:00\",\"dateModified\":\"2026-04-23T09:42:50+00:00\",\"description\":\"Des conseils personnalis\u00e9s et un accompagnement empreint d\u2019humanit\u00e9, de bienveillance et d\u2019efficacit\u00e9, \u00e0 chaque \u00e9tape de votre vie personnelle et professionnelle : mariage, acquisition de r\u00e9sidence principale, de locaux professionnels ou d\u2019un fonds de commerce, cr\u00e9ation de soci\u00e9t\u00e9, gestion d\u2019une succession ou r\u00e9daction de testament, organisation et l\u2019optimisation de patrimoine, s\u00e9paration, divorce ou pr\u00e9paration de transmission patrimoniale.\",\"breadcrumb\":{\"@id\":\"https:\/\/paumier-surzur.notaires.fr\/index.php\/notaire-surzur-mariage-succession-vente-acquisition-transmission\/#breadcrumb\"},\"inLanguage\":\"fr-FR\",\"potentialAction\":[{\"@type\":\"ReadAction\",\"target\":[\"https:\/\/paumier-surzur.notaires.fr\/index.php\/notaire-surzur-mariage-succession-vente-acquisition-transmission\/\"]}]},{\"@type\":\"ImageObject\",\"inLanguage\":\"fr-FR\",\"@id\":\"https:\/\/paumier-surzur.notaires.fr\/index.php\/notaire-surzur-mariage-succession-vente-acquisition-transmission\/#primaryimage\",\"url\":\"https:\/\/paumier-surzur.notaires.fr\/wp-content\/uploads\/elementor\/thumbs\/Julie-cadre-r2981wsn2sv5lzo1gihmdzf600bj5jvl3gtnhr773s.png\",\"contentUrl\":\"https:\/\/paumier-surzur.notaires.fr\/wp-content\/uploads\/elementor\/thumbs\/Julie-cadre-r2981wsn2sv5lzo1gihmdzf600bj5jvl3gtnhr773s.png\"},{\"@type\":\"BreadcrumbList\",\"@id\":\"https:\/\/paumier-surzur.notaires.fr\/index.php\/notaire-surzur-mariage-succession-vente-acquisition-transmission\/#breadcrumb\",\"itemListElement\":[{\"@type\":\"ListItem\",\"position\":1,\"name\":\"Accueil\",\"item\":\"https:\/\/paumier-surzur.notaires.fr\/\"},{\"@type\":\"ListItem\",\"position\":2,\"name\":\"Notre \u00e9quipe\"}]},{\"@type\":\"WebSite\",\"@id\":\"https:\/\/paumier-surzur.notaires.fr\/#website\",\"url\":\"https:\/\/paumier-surzur.notaires.fr\/\",\"name\":\"paumier-surzur.notaires.fr\",\"description\":\"Le conseil et l&#039;humain au coeur de notre m\u00e9tier\",\"publisher\":{\"@id\":\"https:\/\/paumier-surzur.notaires.fr\/#organization\"},\"potentialAction\":[{\"@type\":\"SearchAction\",\"target\":{\"@type\":\"EntryPoint\",\"urlTemplate\":\"https:\/\/paumier-surzur.notaires.fr\/?s={search_term_string}\"},\"query-input\":{\"@type\":\"PropertyValueSpecification\",\"valueRequired\":true,\"valueName\":\"search_term_string\"}}],\"inLanguage\":\"fr-FR\"},{\"@type\":\"Organization\",\"@id\":\"https:\/\/paumier-surzur.notaires.fr\/#organization\",\"name\":\"paumier-surzur.notaires.fr\",\"url\":\"https:\/\/paumier-surzur.notaires.fr\/\",\"logo\":{\"@type\":\"ImageObject\",\"inLanguage\":\"fr-FR\",\"@id\":\"https:\/\/paumier-surzur.notaires.fr\/#\/schema\/logo\/image\/\",\"url\":\"https:\/\/paumier-surzur.notaires.fr\/wp-content\/uploads\/2024\/12\/Notaires-blanc-750X750.png\",\"contentUrl\":\"https:\/\/paumier-surzur.notaires.fr\/wp-content\/uploads\/2024\/12\/Notaires-blanc-750X750.png\",\"width\":760,\"height\":760,\"caption\":\"paumier-surzur.notaires.fr\"},\"image\":{\"@id\":\"https:\/\/paumier-surzur.notaires.fr\/#\/schema\/logo\/image\/\"}}]}<\/script>\n<!-- \/ Yoast SEO plugin. -->","yoast_head_json":{"title":"Notre \u00e9quipe - paumier-surzur.notaires.fr","description":"Des conseils personnalis\u00e9s et un accompagnement empreint d\u2019humanit\u00e9, de bienveillance et d\u2019efficacit\u00e9, \u00e0 chaque \u00e9tape de votre vie personnelle et professionnelle : mariage, acquisition de r\u00e9sidence principale, de locaux professionnels ou d\u2019un fonds de commerce, cr\u00e9ation de soci\u00e9t\u00e9, gestion d\u2019une succession ou r\u00e9daction de testament, organisation et l\u2019optimisation de patrimoine, s\u00e9paration, divorce ou pr\u00e9paration de transmission patrimoniale.","robots":{"index":"index","follow":"follow","max-snippet":"max-snippet:-1","max-image-preview":"max-image-preview:large","max-video-preview":"max-video-preview:-1"},"canonical":"https:\/\/paumier-surzur.notaires.fr\/index.php\/notaire-surzur-mariage-succession-vente-acquisition-transmission\/","og_locale":"fr_FR","og_type":"article","og_title":"Notre \u00e9quipe - paumier-surzur.notaires.fr","og_description":"Des conseils personnalis\u00e9s et un accompagnement empreint d\u2019humanit\u00e9, de bienveillance et d\u2019efficacit\u00e9, \u00e0 chaque \u00e9tape de votre vie personnelle et professionnelle : mariage, acquisition de r\u00e9sidence principale, de locaux professionnels ou d\u2019un fonds de commerce, cr\u00e9ation de soci\u00e9t\u00e9, gestion d\u2019une succession ou r\u00e9daction de testament, organisation et l\u2019optimisation de patrimoine, s\u00e9paration, divorce ou pr\u00e9paration de transmission patrimoniale.","og_url":"https:\/\/paumier-surzur.notaires.fr\/index.php\/notaire-surzur-mariage-succession-vente-acquisition-transmission\/","og_site_name":"paumier-surzur.notaires.fr","article_modified_time":"2026-04-23T09:42:50+00:00","og_image":[{"url":"https:\/\/paumier-surzur.notaires.fr\/wp-content\/uploads\/elementor\/thumbs\/Julie-cadre-r2981wsn2sv5lzo1gihmdzf600bj5jvl3gtnhr773s.png","type":"","width":"","height":""}],"twitter_card":"summary_large_image","twitter_misc":{"Dur\u00e9e de lecture estim\u00e9e":"1 minute"},"schema":{"@context":"https:\/\/schema.org","@graph":[{"@type":"WebPage","@id":"https:\/\/paumier-surzur.notaires.fr\/index.php\/notaire-surzur-mariage-succession-vente-acquisition-transmission\/","url":"https:\/\/paumier-surzur.notaires.fr\/index.php\/notaire-surzur-mariage-succession-vente-acquisition-transmission\/","name":"Notre \u00e9quipe - paumier-surzur.notaires.fr","isPartOf":{"@id":"https:\/\/paumier-surzur.notaires.fr\/#website"},"primaryImageOfPage":{"@id":"https:\/\/paumier-surzur.notaires.fr\/index.php\/notaire-surzur-mariage-succession-vente-acquisition-transmission\/#primaryimage"},"image":{"@id":"https:\/\/paumier-surzur.notaires.fr\/index.php\/notaire-surzur-mariage-succession-vente-acquisition-transmission\/#primaryimage"},"thumbnailUrl":"https:\/\/paumier-surzur.notaires.fr\/wp-content\/uploads\/elementor\/thumbs\/Julie-cadre-r2981wsn2sv5lzo1gihmdzf600bj5jvl3gtnhr773s.png","datePublished":"2025-02-18T16:23:07+00:00","dateModified":"2026-04-23T09:42:50+00:00","description":"Des conseils personnalis\u00e9s et un accompagnement empreint d\u2019humanit\u00e9, de bienveillance et d\u2019efficacit\u00e9, \u00e0 chaque \u00e9tape de votre vie personnelle et professionnelle : mariage, acquisition de r\u00e9sidence principale, de locaux professionnels ou d\u2019un fonds de commerce, cr\u00e9ation de soci\u00e9t\u00e9, gestion d\u2019une succession ou r\u00e9daction de testament, organisation et l\u2019optimisation de patrimoine, s\u00e9paration, divorce ou pr\u00e9paration de transmission patrimoniale.","breadcrumb":{"@id":"https:\/\/paumier-surzur.notaires.fr\/index.php\/notaire-surzur-mariage-succession-vente-acquisition-transmission\/#breadcrumb"},"inLanguage":"fr-FR","potentialAction":[{"@type":"ReadAction","target":["https:\/\/paumier-surzur.notaires.fr\/index.php\/notaire-surzur-mariage-succession-vente-acquisition-transmission\/"]}]},{"@type":"ImageObject","inLanguage":"fr-FR","@id":"https:\/\/paumier-surzur.notaires.fr\/index.php\/notaire-surzur-mariage-succession-vente-acquisition-transmission\/#primaryimage","url":"https:\/\/paumier-surzur.notaires.fr\/wp-content\/uploads\/elementor\/thumbs\/Julie-cadre-r2981wsn2sv5lzo1gihmdzf600bj5jvl3gtnhr773s.png","contentUrl":"https:\/\/paumier-surzur.notaires.fr\/wp-content\/uploads\/elementor\/thumbs\/Julie-cadre-r2981wsn2sv5lzo1gihmdzf600bj5jvl3gtnhr773s.png"},{"@type":"BreadcrumbList","@id":"https:\/\/paumier-surzur.notaires.fr\/index.php\/notaire-surzur-mariage-succession-vente-acquisition-transmission\/#breadcrumb","itemListElement":[{"@type":"ListItem","position":1,"name":"Accueil","item":"https:\/\/paumier-surzur.notaires.fr\/"},{"@type":"ListItem","position":2,"name":"Notre \u00e9quipe"}]},{"@type":"WebSite","@id":"https:\/\/paumier-surzur.notaires.fr\/#website","url":"https:\/\/paumier-surzur.notaires.fr\/","name":"paumier-surzur.notaires.fr","description":"Le conseil et l&#039;humain au coeur de notre m\u00e9tier","publisher":{"@id":"https:\/\/paumier-surzur.notaires.fr\/#organization"},"potentialAction":[{"@type":"SearchAction","target":{"@type":"EntryPoint","urlTemplate":"https:\/\/paumier-surzur.notaires.fr\/?s={search_term_string}"},"query-input":{"@type":"PropertyValueSpecification","valueRequired":true,"valueName":"search_term_string"}}],"inLanguage":"fr-FR"},{"@type":"Organization","@id":"https:\/\/paumier-surzur.notaires.fr\/#organization","name":"paumier-surzur.notaires.fr","url":"https:\/\/paumier-surzur.notaires.fr\/","logo":{"@type":"ImageObject","inLanguage":"fr-FR","@id":"https:\/\/paumier-surzur.notaires.fr\/#\/schema\/logo\/image\/","url":"https:\/\/paumier-surzur.notaires.fr\/wp-content\/uploads\/2024\/12\/Notaires-blanc-750X750.png","contentUrl":"https:\/\/paumier-surzur.notaires.fr\/wp-content\/uploads\/2024\/12\/Notaires-blanc-750X750.png","width":760,"height":760,"caption":"paumier-surzur.notaires.fr"},"image":{"@id":"https:\/\/paumier-surzur.notaires.fr\/#\/schema\/logo\/image\/"}}]}},"_links":{"self":[{"href":"https:\/\/paumier-surzur.notaires.fr\/index.php\/wp-json\/wp\/v2\/pages\/2030","targetHints":{"allow":["GET"]}}],"collection":[{"href":"https:\/\/paumier-surzur.notaires.fr\/index.php\/wp-json\/wp\/v2\/pages"}],"about":[{"href":"https:\/\/paumier-surzur.notaires.fr\/index.php\/wp-json\/wp\/v2\/types\/page"}],"author":[{"embeddable":true,"href":"https:\/\/paumier-surzur.notaires.fr\/index.php\/wp-json\/wp\/v2\/users\/1"}],"replies":[{"embeddable":true,"href":"https:\/\/paumier-surzur.notaires.fr\/index.php\/wp-json\/wp\/v2\/comments?post=2030"}],"version-history":[{"count":103,"href":"https:\/\/paumier-surzur.notaires.fr\/index.php\/wp-json\/wp\/v2\/pages\/2030\/revisions"}],"predecessor-version":[{"id":4303,"href":"https:\/\/paumier-surzur.notaires.fr\/index.php\/wp-json\/wp\/v2\/pages\/2030\/revisions\/4303"}],"wp:attachment":[{"href":"https:\/\/paumier-surzur.notaires.fr\/index.php\/wp-json\/wp\/v2\/media?parent=2030"}],"curies":[{"name":"wp","href":"https:\/\/api.w.org\/{rel}","templated":true}]}}